3, g*k - 4 = -l. List the prime factors of 158*k - 3/(-3).
3, 53
Suppose 0 = -4*k - j + 232 - 9, -3*k - 2*j + 161 = 0. Suppose -2*f + 623 = -k. Suppose -7*d + 2*d = -f. What are the prime factors of d?
2, 17
Suppose -2*f + 157 = 3*n, -3*n + 19 = 3*f - 140. Suppose -5*x + 89 = q, 2*x + 5 = -3*q + n. What are the prime factors of x?
17
Suppose -4*n - 7 = 2*g - 3, -4*g - 11 = 5*n. Let m(a) = 21*a**2 - 4*a + 3. Let c be m(n). Suppose c + 44 = y. What are the prime factors of y?
2
Let y(k) = -386*k**3 - 51*k**2 - 15*k + 25. What are the prime factors of y(-6)?
5, 7, 2333
Suppose -h + 46*x - 48*x + 28144 = 0, 5*h - 3*x = 140720. What are the prime factors of h?
2, 1759
What are the prime factors of 4*(-7 + 89865/36)?
3, 3319
Suppose -66*t = 3*t - 8*t. Suppose h = 5*a - 3923, t = 2*a - 5*a + 5*h + 2367. List the prime factors of a.
2, 7
Let u(y) = 2*y**2 + 9*y + 17. Let x be u(-2). Suppose 48 = x*h - 2311. List the prime factors of h.
337
Let p = -339 + 351. What are the prime factors of (0/2 + 102)*90/p?
3, 5, 17
List the prime factors of (-11 - 513/(-45))*9170 + -12.
2, 457
Let s = -155 + 161. Suppose 4*o + s*i = 5*i + 1096, -2*i = 8. List the prime factors of o.
5, 11
Let y(s) = -2*s**3 - 20*s**2 + 73*s - 86. Let x(t) = -t**3 - 6*t**2 + 24*t - 29. Let p(w) = -8*x(w) + 3*y(w). List the prime factors of p(8).
2, 223
Let f = 23 - 20. Suppose 3*p - 2*k - 469 + 139 = 0, k + 327 = f*p. What are the prime factors of p?
2, 3
Let r = -4037 - -6626. List the prime factors of r.
3, 863
Let j = -415 + 419. Suppose 3*k + 5*y - 2877 = 0, y = j*k + 5*y - 3828. What are the prime factors of k?
2, 3, 53
Let s(d) = 11*d - 5. Let n(q) = -11*q + 46*q**2 - 48*q**2 - 2*q. Let y be n(-6). List the prime factors of s(y).
61
Let x(k) = 4*k**3 - 13*k**2 + 7*k - 68. Let m be x(8). Let u = -425 + m. List the prime factors of u.
19, 41
Suppose -36*v + 35*v + 75758 = -4*f, 3*v = f + 227285. List the prime factors of v.
2, 3, 23, 61
Let r be (-2)/(-11) - 492/44. Let b(l) = -47*l**3 + 43*l**2 + 46*l**3 + 8 - 52*l**2 + 18*l. What are the prime factors of b(r)?
2, 13
Let y(t) = -2*t**3 - 3*t**2 - 16*t - 49. Let u be y(-8). Suppose 16*m = 4*o + 14*m - 1830, 2*o - 5*m = u. What are the prime factors of o?
2, 229
Let t(h) = -h**3 - 3*h**2 + 13*h + 4. Let g(l) = l**3 - l + 2. Let o(p) = 2*g(p) + t(p). List the prime factors of o(7).
281
Suppose 0 = 9*s - 228 + 201. List the prime factors of 15 + -9 + (s - 2*-6).
3, 7
Let k(v) = 5*v - 3. Let h be k(2). Let s be -1 - 11*-3 - 25/5. Let n = h + s. List the prime factors of n.
2, 17
Let x be (-131)/(56/(-84)*(-2)/(-4)). Let g = 808 - x. List the prime factors of g.
5, 83
Suppose -20*z + 15*z = -3*q - 43, -4*z = -2*q - 36. Suppose z*p - 9776 = -5*p. List the prime factors of p.
13, 47
Let o(t) = 2*t - 39. Let u be o(21). Suppose u*h - 6*h - 240 = 0. Let q = h + 173. List the prime factors of q.
3, 31
Let p be ((-77470)/61)/(1*-2). Suppose -p - 4359 = -11*b. What are the prime factors of b?
2, 227
Suppose 6168 = 7*u - 5417. Suppose -4*b = -u - 1969. Suppose b = 5*v + v. What are the prime factors of v?
151
Suppose -4*z + 4*h = -7432, -z + 1957 - 90 = -4*h. List the prime factors of z.
5, 7, 53
Let f(g) = -148*g + 7. Let b be f(-5). Let i = b - 448. Suppose 4*d - 3*x - i = -6*x, 0 = 5*x - 25. What are the prime factors of d?
71
Let s(l) = -l**3 - 5*l**2 + 4*l + 23. Let h be s(-6). Suppose -2*p + h = -9*p. List the prime factors of ((-2)/p)/(8/4280).
2, 107
Suppose -3*o + 14724 = 2*c, 20*o - 18*o - 9816 = 2*c. List the prime factors of o.
2, 3, 409
Let m(o) = -o**3 + 8*o**2 - 25*o - 3. Let l be m(9). Let s = 1 - l. List the prime factors of s.
2, 5, 31
Let b = 1294 - -2148. List the prime factors of b.
2, 1721
Let w(d) = -d**3 - d**2 - 6*d - 3. Let m be w(-4). Let c = m - 44. Suppose -2*x + 31 = -c. List the prime factors of x.
2, 7
Let z(x) = 3*x**3 + 5*x**2 - 4*x + 3. Let b be z(2). Let p = b - 37. Suppose 0 = 8*u + p*u - 680. What are the prime factors of u?
2, 17
Let m = 2394 - -873. List the prime factors of m.
3, 11
Let n = -2586 - -1724. Let g = 258 - n. List the prime factors of g.
2, 5, 7
Let k = 594 - 596. What are the prime factors of k/((-2)/(-197))*6/(-2)?
3, 197
Let f(q) = 26*q + 20. Let c(a) = 25*a + 19. Let u(s) = 5*c(s) - 6*f(s). Let n be u(-8). Suppose -30 = -k + n. List the prime factors of k.
11, 23
Let p = 20381 - 12040. List the prime factors of p.
19, 439
Suppose 985 + 1611 = -11*o. Let g = o - -874. List the prime factors of g.
2, 11, 29
Let z(r) = r**2 + 16*r + 68. Let j be z(-8). Suppose -3*k + 733 = -n, j*k + 2*n - 1037 + 53 = 0. What are the prime factors of k?
5, 7
Let x(n) = -3 - 2*n - n + n + 6*n + 201*n**2. Let z = -798 + 799. List the prime factors of x(z).
2, 101
Suppose 3*r = -1 + 13, 2*n - 4*r = -18. Let y be -4*((-195)/10 + n). Let f = y - 77. What are the prime factors of f?
5
Let v(c) = 10*c - 49. Let n be v(5). List the prime factors of (3766/35 + 4)*5/n.
2, 3, 31
Suppose -18*f + 6*f - 1860 = 0. What are the prime factors of (-33449)/f - (-2)/10?
2, 3
Let t = -27 + 31. What are the prime factors of 6 + 174 + t + 0?
2, 23
Suppose m - 2107 - 358 = 0. List the prime factors of m.
5, 17, 29
Suppose -237320 = -25*d - 6945. List the prime factors of d.
5, 19, 97
Suppose 2*q + 3*h - 6 = 0, -3*q + 2*q - 5*h = 4. Suppose -41 - 5473 = -q*t. What are the prime factors of t?
919
Let r(b) = -80*b**3 - 2*b**2 + 7. Let c(v) = -16*v**3 + 6 - 78*v**3 + 14*v**3 - 2*v**2. Let s(i) = -6*c(i) + 5*r(i). List the prime factors of s(1).
3
Let v be ((-6)/(-6))/(5/(11 + 4)). Suppose 219 = 2*n - v. What are the prime factors of n?
3, 37
Suppose -n = 5*x - 42403, -5*n - 33934 = -165*x + 161*x. What are the prime factors of x?
3, 11, 257
Let k(t) = t**3 + 2*t**2 + 7*t + 8. Let i be k(10). Let o = -806 + i. Suppose -2*x = 2*x - o. List the prime factors of x.
2, 59
Let i be 1*1*16/((-2)/(-1)). Let n(k) = 2. Let z(v) = 4*v + 5. Let w(m) = -6*n(m) + 2*z(m). What are the prime factors of w(i)?
2, 31
Let b = 653 - 653. Suppose -39*o + 71*o - 8448 = b. List the prime factors of o.
2, 3, 11
Suppose -2*p - 436 = z, p + 51 = 4*z - 167. Let s = p + 483. List the prime factors of s.
5, 53
Suppose 8826 - 1986 = 6*s. Suppose -10*z + 14*z = -3*y + s, -y + 373 = -z. List the prime factors of y.
2, 47
Suppose 50072*x - 50091*x + 212324 = 57094. What are the prime factors of x?
2, 5, 19, 43
Suppose 0 = 2*y + 2*a - 19366, 2*y = a + 13368 + 6016. List the prime factors of y.
9689
Suppose 4*n - n + 3 = 0. List the prime factors of (n - (3 + -2))/(2/(-463)).
463
Let k = 4881 + 28904. What are the prime factors of k?
5, 29, 233
Let k = -229 - -237. Suppose k*g - 586 = 158. What are the prime factors of g?
3, 31
Suppose 50*i - 566802 - 130248 = 0. List the prime factors of i.
3, 1549
Let u(h) = 1604*h - 2154. What are the prime factors of u(8)?
2, 19, 281
What are the prime factors of 3*((-15)/((-120)/16) + 1107 + -2)?
3, 41
Let o(d) be the first derivative of -67*d**2/2 + 211*d + 62. List the prime factors of o(-8).
3, 83
Let r = -3420 + 4305. List the prime factors of r.
3, 5, 59
List the prime factors of 260607/12 + ((-2)/(-7))/(168/(-147)).
3, 19, 127
Let b = 253 - 30. Let o = 931 - b. What are the prime factors of o?
2, 3, 59
Suppose 5*p - 12*p - 1670 = -12*p. Suppose -2*o + 2 + 2 = 0. Suppose -220 = -o*z + p. What are the prime factors of z?
277
What are the prime factors of ((-38)/((-5776)/(-20710)))/(2/(-304))?
2, 5, 19, 109
Let q(a) = -a**3 - 29*a**2 - 20*a + 92. Let u(p) = -p**3 - 16*p**2 + 36*p - 29. Let i be u(-18). What are the prime factors of q(i)?
2, 3, 7
Suppose -7*k - 344 = -5*k. List the prime factors of 516/k - 563*1/(-1).
2, 5, 7
Let v be 3*7/((-126)/240). Let n be 0*(3 + -2) + 10. Let j = n - v. What are the prime factors of j?
2, 5
Let y = 216 + -115. Suppose -y = -x + 16. Suppose 78*o + x = 79*o. List the prime factors of o.
3, 13
Let y(d) = 37*d + 742. List the prime factors of y(45).
29, 83
Suppose 4*u - 13*u = -25848. Suppose -285*t + u = -277*t. What are the prime factors of t?
359
Let n = -2899 - -5079. Suppose -13*a + n - 256 = 0. Suppose -4*u = 4*i - 196, -2*i + 2*u - a = -5*i. What are the prime factors of i?
2, 5
Let z(u) = 4*u**2 + 9*u + 4. Let f be z(-5). Let r be (-4)/(-20) + 48/10. Suppose 2*a = o + f, -3*o + 47 =